{"version":"1.0","type":"rich","title":"La Universidad Distrital ser\u00e1 una de las sedes del IX Congreso Colombiano de Astronom\u00eda y Astrof\u00edsica - Universidad Distrital Francisco Jos\u00e9 de Caldas","url":"\/item\/la-universidad-distrital-sera-una-de-las","provider_name":"Socraci","provider_url":"https:\/\/socraci.com\/","html":"<iframe width=\"300\" height=\"260\" src=\"https:\/\/socraci.com\/m\/timeline\/embed\/8336\/\" frameborder=\"0\" allowfullscreen><\/iframe>","author_name":"Colombia","author_url":"https:\/\/socraci.com\/e\/colombia"}

La Universidad Distrital será una de las sedes del IX Congreso Colombiano de Astronomía y Astrofísica - Universidad Distrital Francisco José de Caldas
