{"version":"1.0","type":"rich","title":"\u00c1lvaro Jos\u00e9 Mel\u00e9ndez","url":"\/p\/alvaro-jose-melendez","provider_name":"Socraci","provider_url":"https:\/\/socraci.com\/","html":"<iframe width=\"300\" height=\"230\" src=\"https:\/\/socraci.com\/m\/persons\/embed\/48208\/\" frameborder=\"0\" allowfullscreen><\/iframe>","thumbnail_url":"https:\/\/socraci.com\/s\/bx_persons_pictures_resized\/n5ch7tufgjccqungbrhge8zgqrtuprwh.png"}

Álvaro José Meléndez
