{"version":"1.0","type":"rich","title":"Cl\u00fasteres Agro-Gastron\u00f3micos por Vocaci\u00f3n Regional: Potenciar lo que Colombia Ya Es","url":"\/vp\/clusteres-agro-gastronomicos-por-vocacion","provider_name":"Socraci","provider_url":"https:\/\/socraci.com\/","html":"<iframe width=\"300\" height=\"260\" src=\"https:\/\/socraci.com\/m\/posts\/embed\/47\/\" frameborder=\"0\" allowfullscreen><\/iframe>","thumbnail_url":"https:\/\/socraci.com\/s\/bx_posts_photos_resized\/ehs4vjaglasmzvj7xlahtyfhdfh2vbzv.png","author_name":"Mihaly Flandorffer Peniche","author_url":"https:\/\/socraci.com\/p\/mihaly-flandorffer-peniche"}

Clústeres Agro-Gastronómicos por Vocación Regional: Potenciar lo que Colombia Ya Es
